u(1).
-24
Let r(l) = -l**2 - 1274*l - 12643. Determine r(-10).
-3
Let s(h) = h**2 - 714*h + 2831. Calculate s(4).
-9
Let l(t) = -t**3 + 34*t**2 + 45*t - 216. What is l(35)?
134
Let p(b) = -6*b - 26. Calculate p(25).
-176
Let v(f) = f**3 - 29*f**2 + 98*f + 91. Determine v(25).
41
Let q(z) = -2*z**3 + 227*z**2 + 111*z + 360. Calculate q(114).
18
Let y(q) = -q**3 - 3*q**2 + 25*q + 64. Calculate y(-4).
-20
Let c(t) = 11*t**2 + 39*t + 13. Give c(-3).
-5
Let g(r) = 395*r + 13. Determine g(-1).
-382
Let r(d) = -d**2 - 37*d - 25. Determine r(-27).
245
Let q(h) = h**3 - 73*h**2 - 400*h + 787. What is q(78)?
7
Let z(k) = 4*k**2 - 17*k + 67. Calculate z(4).
63
Let z(i) = 6*i**3 + 30*i**2 - 44*i + 14. Calculate z(1).
6
Let u(m) = 53*m**2 - 39*m - 30. Give u(-1).
62
Let c(f) = f**3 - 27*f**2 + 29*f - 792. Give c(27).
-9
Let a(g) = -g**2 + 86*g - 1048. Determine a(71).
17
Let p(c) = -43*c - 3439. Determine p(-80).
1
Let r(m) = m**2 + 4544*m + 22718. Calculate r(-5).
23
Let m(u) = 2620*u - 86478. Determine m(33).
-18
Let m(g) = -635*g - 640. Determine m(-1).
-5
Let h(o) = 2*o**3 + o**2 - 45*o + 5. What is h(6)?
203
Let z(a) = 10*a**2 - 7*a + 8. Give z(2).
34
Let y(n) = n**3 + 8*n**2 + 33. Determine y(-9).
-48
Let x(t) = 841*t - 5865. Give x(7).
22
Let x(l) = -272*l - 539. Calculate x(-2).
5
Let p(x) = -9*x**3 - 297*x**2 + 6*x + 207. What is p(-33)?
9
Let c(x) = -x**3 + 15*x**2 - 46*x + 31. Determine c(11).
9
Let m(w) = -w**3 + 8*w**2 - 6*w + 34. What is m(8)?
-14
Let l(z) = -z - 170. Determine l(-14).
-156
Let j(r) = -r**3 + 21*r**2 - 4*r + 8. Give j(21).
-76
Let v(d) = d**2 + 46*d - 233. Calculate v(7).
138
Let x(z) = -2*z**3 - 8*z**2 + 2*z + 26. Calculate x(-2).
6
Let s(v) = 891*v - 65053. Determine s(73).
-10
Let l(b) = 2*b + 489. Give l(-246).
-3
Let x(k) = 12*k**2 + 175*k + 87. Give x(-13).
-160
Let h(o) = -56*o - 105. Determine h(-4).
119
Let b(m) = -16*m - 1763. Give b(-111).
13
Let k(v) = -7*v**2 - 72*v - 42. Determine k(-9).
39
Let z(j) = 9*j**2 - 534*j - 42. What is z(61)?
873
Let l(m) = -474*m - 22761. Determine l(-48).
-9
Let o(y) = 2*y**2 + 116*y + 837. What is o(-8)?
37
Let m(l) = 53*l + 149. Calculate m(-3).
-10
Let l(o) = -1916*o - 22990. Calculate l(-12).
2
Let p(b) = 385*b**2 + 6*b + 3. Calculate p(-1).
382
Let d(u) = -u**3 - 13*u**2 - 6*u - 111. What is d(-13)?
-33
Let o(g) = -3*g**3 - 37*g**2 - 12*g - 27. What is o(-12)?
-27
Let f(y) = -40*y - 211. What is f(-8)?
109
Let w(g) = -g**2 - 27*g + 9. What is w(-27)?
9
Let j(t) = -5*t**2 + 47*t - 67. Calculate j(9).
-49
Let p(h) = 2*h**3 + 194*h**2 - 50*h - 4842. What is p(-97)?
8
Let v(k) = -k**3 - 2*k**2 + 135*k - 154. Determine v(10).
-4
Let p(c) = 27*c - 241. Calculate p(8).
-25
Let r(a) = -428*a + 2997. Determine r(7).
1
Let t(q) = -2205*q - 79384. What is t(-36)?
-4
Let b(f) = -f**2 + 267*f - 2799. Give b(11).
17
Let w(t) = -t + 99. Calculate w(-24).
123
Let u(y) = 17*y + 126. Determine u(-6).
24
Let x(j) = j**2 - 100*j - 1345. What is x(112)?
-1
Let q(v) = -2*v**2 - 38*v - 51. Give q(-17).
17
Let d(w) = -6*w**2 + 15*w - 60. What is d(-9)?
-681
Let q(h) = -h**2 + 68*h - 996. What is q(47)?
-9
Let j(t) = -182*t - 1641. Calculate j(-7).
-367
Let k(p) = -2*p**3 + 4*p**2 + 2*p + 20. Determine k(5).
-120
Let v(y) = -51*y + 371. Calculate v(9).
-88
Let w(z) = -58*z - 80. What is w(-8)?
384
Let i(w) = 991*w + 5939. What is i(-6)?
-7
Let p(j) = -17*j**2 - 374*j + 41. What is p(-22)?
41
Let q(v) = -v**2 + 278*v + 2911. Give q(-10).
31
Let j(s) = 2*s**2 + 207*s - 465. What is j(-106)?
65
Let a(i) = 59*i - 6298. What is a(107)?
15
Let c(g) = -48*g - 1927. What is c(-40)?
-7
Let g(k) = k**3 + 81*k**2 - 174*k - 674. Calculate g(-83).
-10
Let f(k) = 186*k - 5958. Give f(32).
-6
Let a(l) = 2*l**3 + 10*l**2 - 107*l - 684. Calculate a(-6).
-114
Let x(w) = -4*w + 242. What is x(-5)?
262
Let j(r) = -2*r**2 + 4*r + 54. Determine j(-5).
-16
Let p(f) = 2*f**3 - 11*f**2 + 2*f. What is p(5)?
-15
Let h(x) = -1270*x + 6258. Give h(5).
-92
Let n(j) = -j**2 - 207*j - 1813. What is n(-9)?
-31
Let m(b) = -2*b**2 + b + 957. Determine m(22).
11
Let o(p) = 194*p + 368. Calculate o(-4).
-408
Let q(y) = 2*y**2 - 30*y + 27. Give q(0).
27
Let i(o) = -o**2 + 101*o + 9469. Calculate i(160).
29
Let n(t) = 2*t**3 + 13*t**2 - 2*t + 27. Determine n(-6).
75
Let j(u) = 8*u**2 + u - 16. Calculate j(3).
59
Let s(l) = 170*l - 179. What is s(1)?
-9
Let d(z) = 2*z**3 - 55*z**2 + 31*z - 82. Determine d(27).
26
Let v(x) = x**3 + 9*x**2 + 15*x + 175. What is v(-9)?
40
Let q(g) = -3*g**2 + 87*g + 744. Give q(-9).
-282
Let d(u) = 1389*u + 9723. Calculate d(-7).
0
Let f(w) = -w**3 + 28*w**2 - 126*w + 218. Give f(23).
-35
Let d(o) = 373*o + 27595. Determine d(-74).
-7
Let g(h) = h**3 + 46*h**2 + 208*h - 35. Determine g(-41).
-158
Let i(z) = 2*z**2 - 25*z + 81. Determine i(7).
4
Let i(m) = m**2 + 17*m - 848. Calculate i(-37).
-108
Let b(w) = 6*w**3 + 8*w**2 - 5*w - 8. Determine b(2).
62
Let g(o) = 11*o**3 + 9*o**2 - o + 21. Give g(0).
21
Let p(h) = 162*h - 493. Calculate p(2).
-169
Let l(t) = -59*t - 451. Determine l(-7).
-38
Let x(p) = 28*p - 36. Calculate x(6).
132
Let k(t) = -t**3 + 36*t**2 - 159*t + 146. Determine k(31).
22
Let f(z) = -2*z**2 - 50*z - 39. Determine f(-16).
249
Let p(o) = o**2 - 20*o + 45. What is p(18)?
9
Let a(l) = l**2 - 5*l - 303. Give a(-13).
-69
Let u(b) = 10*b**2 - 196*b - 149. What is u(20)?
-69
Let c(r) = 54*r + 3793. Determine c(-70).
13
Let r(c) = -c**2 - 54*c + 2301. Determine r(28).
5
Let m(v) = -v**3 - 56*v**2 - 560*v - 55. Calculate m(-43).
-12
Let h(m) = -m**3 + 8*m**2 + 18*m - 147. What is h(8)?
-3
Let h(g) = 37*g - 275. Calculate h(14).
243
Let t(n) = -8*n**2 + 259*n - 257. Determine t(1).
-6
Let y(o) = -o**2 - 58*o + 377. What is y(5)?
62
Let d(c) = -222*c**3 - c**2 + 2*c - 1. What is d(1)?
-222
Let a(b) = b**2 - 57*b - 1163. Determine a(73).
5
Let y(a) = 89*a - 6041. Determine y(68).
11
Let u(n) = 3413*n + 17064. Give u(-5).
-1
Let v(r) = -38*r - 562. Determine v(-14).
-30
Let t(a) = a**3 - 42*a**2 - 138*a - 41. Determine t(45).
-176
Let x(v) = -4*v**2 + 174*v - 1561. Calculate x(13).
25
Let l(p) = 21*p**3 - 3*p**2 + 9*p + 5. Give l(2).
179
Let q(b) = 1753*b + 103416. Determine q(-59).
-11
Let k(t) = t**2 + 10*t + 93. Calculate k(-12).
117
Let f(m) = 2*m**2 - 70*m + 118. Give f(34).
50
Let j(c) = c**3 - 11*c**2 - 85*c + 957. Calculate j(11).
22
Let h(k) = k - 19. What is h(-38)?
-57
Let r(y) = y**3 + 12*y**2 + 28*y + 57. Calculate r(-10).
-23
Let d(r) = 5*r**2 - 207*r + 208. Calculate d(1).
6
Let s(v) = 7*v + 161. What is s(-20)?
21
Let f(v) = -2*v**2 + 43*v + 115. Give f(24).
-5
Let q(m) = 94*m - 3381. Determine q(36).
3
Let j(k) = k**2 + 68*k - 561. Calculate j(7).
-36
Let h(f) = 5*f**3 - f**2 + 96*f + 96. Calculate h(-1).
-6
Let m(f) = 2*f**2 + 79*f + 675. Give m(-27).
0
Let z(t) = -48*t - 209. Calculate z(-5).
31
Let p(v) = -v**3 + 40*v**2 + 6*v - 118. What is p(40)?
122
Let a(n) = -205*n - 849. Calculate a(-4).
-29
Let l(z) = -1411*z - 5655. Determine l(-4).
-11
Let c(v) = -v**2 + 53*v - 591. Calculate c(37).
1
Let z(r) = -r**3 + 33*r**2 + 428*r + 92. Give z(43).
6
Let h(l) = l**3 + 10*l**2 + 54*l + 945. Determine h(-12).
9
Let l(x) = 5*x**2 - 54*x - 2. Determine l(11).
9
Let w(g) = -111*g + 9292. Calculate w(83).
79
Let x(o) = -4*o**3 + 84*o**2 - 3*o - 19. Calculate x(21).
-82
Let t(k) = k**2 - 158*k - 1393. Calculate t(-9).
110
Let q(j) = 109*j + 451. Give q(-4).
15
Let x(p) = 3*p**2 - 220*p - 659. Determine x(-3).
28
Let x(v) = 6*v + 575. Determine x(-63).
197
Let y(z) = 7*z**2 + 380*z + 529. Calculate y(-53).
52
Let k(b) = 26*b**2 + 6200*b + 2859. Determine k(-238).
3
Let w(b) = b**2 + 11*b - 81. Calculate w(-16).
-1
Let j(l) = 502*l + 20073. Determine j(-40).
-7
Let r(n) = 3*n**2 - 2*n - 12. Give r(2).
-4
Let b(o) = 1095*o + 4302. Calculate b(-4).
-78
Let a(q) = 2*q**3 - 276*q**2 + 543*q + 145. Calculate a(136).
9
Let n(s) = 10*s**3 + 127*s**2 - 121*s - 1. Calculate n(1).
15
Let j(u) = u**2 - 124*u - 2400. Calculate j(-17).
-3
Let x(z) = -2*z**2 - 8*z + 120. Determine x(-10).
0
Let w(g) = -8*g**3 + 313*g**2 - 29*g - 373. Calculate w(39).
17
Let p(m) = -24*m + 65. Calculate p(4).
-31
Let k(t) = -193*t - 1933. Give k(-10).
-3
Let l(r) = 127*r + 2686. Calculate l(-21).
19
Let m(o) = -o**3 + 49*